41?
False
Is 65 a factor of 2220270?
True
Is 872 a factor of 157395?
False
Is 28 a factor of 12152?
True
Does 106 divide 227900?
True
Is 198 a factor of 39006?
True
Is 25143 a multiple of 112?
False
Does 1661 divide 17882326?
True
Is 1792761 a multiple of 93?
True
Does 451 divide 17715329?
False
Is 1320174 a multiple of 71?
True
Does 6 divide 12763?
False
Is 943452 a multiple of 73?
True
Is 513532 a multiple of 29?
True
Is 24 a factor of 251136?
True
Is 17922522 a multiple of 58?
True
Is 55 a factor of 1062215?
True
Does 79 divide 1136280?
False
Is 14 a factor of 2637145?
False
Is 77 a factor of 43796?
False
Is 124356 a multiple of 86?
True
Is 36512 a multiple of 46?
False
Is 253 a factor of 3934273?
False
Does 65 divide 105365?
True
Does 181 divide 41644?
False
Is 3611956 a multiple of 15?
False
Does 57 divide 601179?
True
Does 36 divide 440964?
True
Does 7 divide 12189?
False
Is 300 a factor of 8486400?
True
Does 18 divide 6901722?
True
Does 10 divide 1323675?
False
Is 2 a factor of 5756?
True
Is 17 a factor of 137462?
True
Does 3 divide 53545?
False
Is 28 a factor of 6270717?
False
Does 258 divide 257742?
True
Is 24 a factor of 383112?
True
Is 354 a factor of 878628?
True
Is 171 a factor of 182115?
True
Does 29 divide 8180866?
False
Is 30 a factor of 10110?
True
Is 50 a factor of 889300?
True
Is 1140876 a multiple of 11?
True
Is 12 a factor of 2439144?
True
Does 11 divide 15970994?
False
Is 179154 a multiple of 37?
True
Is 11 a factor of 444004?
True
Is 78 a factor of 346632?
True
Is 9572490 a multiple of 18?
True
Is 9 a factor of 118593?
True
Is 447 a factor of 1506390?
True
Is 171 a factor of 385434?
True
Is 166381 a multiple of 43?
False
Is 15 a factor of 10235610?
True
Is 45 a factor of 5393025?
True
Is 126 a factor of 4127415?
False
Is 51 a factor of 321249?
True
Is 23 a factor of 95082?
True
Is 468 a factor of 164977?
False
Does 164 divide 3936492?
True
Is 9514 a multiple of 6?
False
Is 842205 a multiple of 105?
True
Is 803 a factor of 14214249?
False
Does 3 divide 574296?
True
Does 46 divide 4680?
False
Is 60298 a multiple of 73?
True
Does 33 divide 18761900?
False
Does 45 divide 2790180?
True
Is 322 a factor of 3244472?
True
Is 40 a factor of 11544?
False
Is 538537 a multiple of 176?
False
Does 104 divide 351321?
False
Does 3 divide 10203?
True
Is 1265315 a multiple of 293?
False
Is 46 a factor of 148626?
True
Is 193314 a multiple of 66?
True
Is 5154024 a multiple of 24?
True
Is 49490 a multiple of 14?
True
Does 251 divide 219690?
False
Is 1641333 a multiple of 17?
True
Does 119 divide 733040?
True
Is 83 a factor of 1338756?
False
Is 8 a factor of 272944?
True
Is 15334 a multiple of 20?
False
Is 1848282 a multiple of 186?
True
Is 9874418 a multiple of 149?
False
Is 9008325 a multiple of 1288?
False
Is 399196 a multiple of 3?
False
Is 63 a factor of 152775?
True
Is 1411857 a multiple of 27?
True
Is 8199797 a multiple of 17?
True
Is 451800 a multiple of 300?
True
Is 143925 a multiple of 57?
True
Is 153549 a multiple of 47?
True
Is 43 a factor of 129448?
False
Does 4 divide 81108?
True
Is 12 a factor of 7727883?
False
Is 28 a factor of 682738?
False
Is 24 a factor of 5245800?
True
Does 61 divide 614331?
True
Is 550 a factor of 10895156?
False
Is 390016 a multiple of 16?
True
Is 21834 a multiple of 33?
False
Is 25014 a multiple of 14?
False
Does 14 divide 12954?
False
Does 17 divide 1112725?
False
Does 564 divide 11912704?
False
Is 5406506 a multiple of 75?
False
Is 324156 a multiple of 14?
True
Does 22 divide 120153?
False
Does 1291 divide 12431834?
False
Is 31 a factor of 35521?
False
Is 3 a factor of 64240?
False
Is 438450 a multiple of 158?
True
Is 45 a factor of 90405?
True
Is 159 a factor of 1239478?
False
Is 28 a factor of 8848?
True
Is 845721 a multiple of 591?
True
Is 3242896 a multiple of 29?
True
Is 934904 a multiple of 46?
True
Does 417 divide 717657?
True
Is 444 a factor of 426214?
False
Is 1403092 a multiple of 8?
False
Does 13 divide 5422262?
False
Does 150 divide 25055961?
False
Is 12 a factor of 36737?
False
Is 1194671 a multiple of 207?
False
Is 9253 a multiple of 26?
False
Is 23 a factor of 150144?
True
Does 25 divide 6992028?
False
Does 30 divide 12222870?
True
Is 1494480 a multiple of 200?
False
Is 328 a factor of 10432368?
True
Is 3520426 a multiple of 219?
False
Does 35 divide 131950?
True
Does 183 divide 902007?
True
Is 83 a factor of 5667505?
False
Does 1922 divide 25997104?
False
Is 128 a factor of 1405568?
True
Is 163 a factor of 1342018?
False
Is 327 a factor of 3964544?
False
Is 34245313 a multiple of 37?
True
Is 38 a factor of 57816?
False
Does 62 divide 106950?
True
Is 628 a factor of 81644?
False
Is 225 a factor of 423586?
False
Is 417113 a multiple of 358?
False
Is 11 a factor of 198979?
True
Is 23 a factor of 560403?
False
Is 675285 a multiple of 49?
False
Does 187 divide 6484038?
True
Does 799 divide 560099?
True
Does 157 divide 247903?
True
Is 6 a factor of 101382?
True
Is 5130102 a multiple of 137?
True
Is 63 a factor of 405402?
False
Does 218 divide 1519594?
False
Is 29 a factor of 2694744?
False
Does 87 divide 9712?
False
Does 11 divide 457423?
False
Is 27 a factor of 569959?
False
Does 18 divide 248155?
False
Is 712 a factor of 17703880?
True
Is 152 a factor of 26296?
True
Does 13 divide 803469?
False
Does 19 divide 1545146?
False
Is 35163 even?
False
Is 2850035 a multiple of 18?
False
Does 177 divide 89455?
False
Does 59 divide 2663319?
True
Is 455 a factor of 184639?
False
Does 12 divide 753804?
True
Is 665258 a multiple of 22?
True
Does 471 divide 1668702?
False
Is 130 a factor of 250120?
True
Is 73 a factor of 461944?
True
Is 56 a factor of 1099174?
False
Is 1241 a factor of 1845040?
False
Is 323 a factor of 773535?
False
Is 25 a factor of 67106?
False
Does 162 divide 2963952?
True
Is 307 a factor of 183742?
False
Is 201 a factor of 335492?
False
Does 338 divide 118976?
True
Does 12 divide 23484?
True
Is 1160866 a multiple of 14?
True
Is 76 a factor of 9582460?
True
Is 44 a factor of 75152?
True
Does 303 divide 172407?
True
Is 101454 a multiple of 20?
False
Is 256 a factor of 186880?
True
Does 2 divide 8128?
True
Is 835 a factor of 11678525?
False
Is 125 a factor of 78410?
False
Is 721582 a multiple of 646?
True
Is 5786877 a multiple of 8?
False
Is 83508 a multiple of 3?
True
Does 49 divide 1114719?
False
Is 1071 a factor of 2464817?
False
Is 8938550 a multiple of 1113?
False
Is 131198 even?
True
Does 602 divide 1433964?
True
Is 20 a factor of 1169150?
False
Is 38 a factor of 244150?
True
Is 3 a factor of 46251?
True
Is 607 a factor of 4071756?
True
Is 20 a factor of 1374213?
False
Is 1898381 a multiple of 139?
False
Does 663 divide 1502358?
True
Is 150228 a multiple of 12?
True
Is 38412 a multiple of 12?
True
Does 5 divide 163855?
True
Is 156282 a multiple of 42?
True
Does 303 divide 800526?
True
Is 173148 even?
True
Is 1286129 a multiple of 13?
True
Is 71340 a multiple of 82?
True
Is 151 a factor of 25695821?
True
Is 17 a factor of 36074?
True
Is 124328 a multiple of 90?
False
Does 40 divide 922066?
False
Is 9 a factor of 140760?
True
Is 453821 a multiple of 3?
False
Does 18 divide 539964?
True
Does 22 divide 593783?
False
Is 47 a factor of 656449?
True
Does 17 divide 56100?
True
Is 24012 a multiple of 74?
False
Is 114 a factor of 2385896?
False
Does 24 divide 131042?
False
Does 402 divide 1149720?
True
Does 2 divide 792802?
True
Is 36 a factor of 3244743?
False
Is 12 a factor of 1652?
False
Is 54487 a multiple of 68?
False
Is 419 a factor of 1509849?
False
Is 445 a factor of 855922?
False
Does 2 divide 29609?
False
Does 478 divide 47800?
True
Is 228870 a multiple of 685?
False
Does 129 divide 6009?
False
Is 7 a factor of 16075689?
True
Is 149652 a multiple of 6?
True
Does 11 divide 564936?
False
Does 4 divide 774680?
True
Is 896 a factor of 12320896?
True
Is 875 a factor of 19705000?
True
Is 11 a factor of 145196?
False
Does 13 divide 162212?
False
Is 100 a factor of 96900?
True
Is 43 a factor of 531523?
True
Does 14 divide 442838?
False
Is 3 a factor of 63044?
False
Is 14 a factor of 458388?
True
Is 26024 a multiple of 96?
False
Is 77749 a multiple of 11?
False
Is 1434980 a multiple of 628?
True
Is 59 a factor of 358931?
False
Is 459534 a multiple of 87?
True
Does 6 divide 27336?
True